6?
2, 3, 277, 599
What are the prime factors of 2252773?
19, 139, 853
List the prime factors of 608955.
3, 5, 40597
List the prime factors of 12258294.
2, 3, 127, 16087
List the prime factors of 248149.
11, 17, 1327
List the prime factors of 228929.
228929
What are the prime factors of 3383937?
3, 41777
List the prime factors of 46135.
5, 9227
List the prime factors of 318424.
2, 53, 751
What are the prime factors of 236423?
11, 21493
List the prime factors of 3838611.
3, 7, 26113
List the prime factors of 3850.
2, 5, 7, 11
What are the prime factors of 332668?
2, 7, 109
List the prime factors of 2369692.
2, 13, 199, 229
What are the prime factors of 301456?
2, 83, 227
What are the prime factors of 234190?
2, 5, 11, 2129
List the prime factors of 797912.
2, 17, 5867
What are the prime factors of 8276667?
3, 7, 73, 5399
What are the prime factors of 1257727?
157, 8011
What are the prime factors of 539630?
2, 5, 7, 13, 593
List the prime factors of 255910.
2, 5, 157, 163
List the prime factors of 185010.
2, 3, 5, 7, 881
What are the prime factors of 933416?
2, 11, 10607
What are the prime factors of 2356126?
2, 137, 8599
List the prime factors of 188171.
188171
What are the prime factors of 9372008?
2, 241, 4861
List the prime factors of 906954.
2, 3, 71, 2129
List the prime factors of 241691.
241691
List the prime factors of 8661366.
2, 3, 7, 53, 1297
List the prime factors of 38415377.
7, 11, 13, 38377
List the prime factors of 72952.
2, 11, 829
What are the prime factors of 95783?
95783
List the prime factors of 12596960.
2, 5, 131, 601
What are the prime factors of 334785?
3, 5, 11, 2029
What are the prime factors of 1590851?
19, 101, 829
List the prime factors of 4290579.
3, 17, 29, 967
List the prime factors of 6961239.
3, 19, 40709
What are the prime factors of 20534073?
3, 7, 977813
List the prime factors of 3842236.
2, 71, 83, 163
List the prime factors of 2700146.
2, 1350073
What are the prime factors of 13293?
3, 7, 211
List the prime factors of 2581893.
3, 41, 6997
List the prime factors of 644041.
47, 71, 193
List the prime factors of 4488438.
2, 3, 181, 4133
What are the prime factors of 1256176?
2, 78511
What are the prime factors of 19728586?
2, 31, 318203
List the prime factors of 4998722.
2, 647, 3863
List the prime factors of 1253416.
2, 156677
List the prime factors of 9830770.
2, 5, 191, 5147
What are the prime factors of 40242533?
40242533
List the prime factors of 399735.
3, 5, 7, 47
List the prime factors of 8275110.
2, 3, 5, 275837
What are the prime factors of 2858792?
2, 357349
List the prime factors of 30278627.
1459, 20753
List the prime factors of 424677.
3, 11, 17, 757
What are the prime factors of 106580?
2, 5, 73
What are the prime factors of 580801?
13, 43, 1039
List the prime factors of 3524622.
2, 3, 587437
What are the prime factors of 985511?
19, 51869
List the prime factors of 22376.
2, 2797
List the prime factors of 497598.
2, 3, 239, 347
List the prime factors of 7320186.
2, 3, 135559
List the prime factors of 19831522.
2, 83, 193, 619
List the prime factors of 2125516.
2, 691, 769
What are the prime factors of 194727?
3, 13, 4993
List the prime factors of 10233333.
3, 11, 9397
What are the prime factors of 796367?
11, 13, 5569
List the prime factors of 15958273.
31, 514783
What are the prime factors of 6043258?
2, 13, 232433
What are the prime factors of 61124?
2, 7, 37, 59
What are the prime factors of 413019?
3, 5099
What are the prime factors of 946596?
2, 3, 7, 59, 191
What are the prime factors of 147698?
2, 73849
What are the prime factors of 8923792?
2, 443, 1259
What are the prime factors of 9693146?
2, 43, 269, 419
What are the prime factors of 6229273?
419, 14867
What are the prime factors of 5724343?
397, 14419
List the prime factors of 234128.
2, 14633
List the prime factors of 11248047.
3, 887, 1409
List the prime factors of 1915096.
2, 239387
List the prime factors of 10760823.
3, 398549
List the prime factors of 431557.
7, 61651
What are the prime factors of 34634271?
3, 7, 1649251
What are the prime factors of 37136520?
2, 3, 5, 43, 2399
List the prime factors of 1664626.
2, 59, 14107
List the prime factors of 1764368.
2, 110273
What are the prime factors of 329718?
2, 3, 179, 307
What are the prime factors of 441506?
2, 13, 16981
List the prime factors of 424690.
2, 5, 7, 6067
List the prime factors of 2455012.
2, 7, 87679
What are the prime factors of 485660?
2, 5, 7, 3469
List the prime factors of 77084.
2, 7, 2753
List the prime factors of 3654830.
2, 5, 17, 21499
What are the prime factors of 17517076?
2, 23, 190403
List the prime factors of 574036.
2, 143509
What are the prime factors of 769476?
2, 3, 64123
What are the prime factors of 5641?
5641
What are the prime factors of 6159612?
2, 3, 37, 13873
What are the prime factors of 1678177?
83, 20219
What are the prime factors of 4566942?
2, 3, 9397
What are the prime factors of 3983489?
241, 16529
What are the prime factors of 1240417?
29, 42773
List the prime factors of 2148.
2, 3, 179
List the prime factors of 1206869.
1206869
List the prime factors of 137781.
3, 7
List the prime factors of 710536.
2, 88817
List the prime factors of 13584592.
2, 7, 121291
List the prime factors of 11802610.
2, 5, 19, 62119
What are the prime factors of 5839?
5839
List the prime factors of 166022.
2, 17, 19, 257
What are the prime factors of 30340208?
2, 1896263
What are the prime factors of 92788?
2, 23197
List the prime factors of 20608.
2, 7, 23
What are the prime factors of 2250877?
47, 83, 577
List the prime factors of 14065100.
2, 5, 7, 71, 283
List the prime factors of 4219854.
2, 3, 703309
List the prime factors of 2117472.
2, 3, 7, 23, 137
What are the prime factors of 5630709?
3, 7, 73, 3673
What are the prime factors of 18106074?
2, 3, 7, 143699
What are the prime factors of 331843?
331843
What are the prime factors of 312512?
2, 19, 257
List the prime factors of 5509376.
2, 21521
List the prime factors of 3436067.
3436067
List the prime factors of 421015.
5, 7, 23, 523
What are the prime factors of 165036?
2, 3, 17, 809
What are the prime factors of 171848?
2, 21481
What are the prime factors of 37149?
3, 7, 29, 61
What are the prime factors of 2832058?
2, 1416029
What are the prime factors of 3969846?
2, 3, 23, 43, 223
What are the prime factors of 199080?
2, 3, 5, 7, 79
List the prime factors of 125727.
3, 7, 5987
List the prime factors of 6536230.
2, 5, 653623
List the prime factors of 5107818.
2, 3, 851303
What are the prime factors of 40702?
2, 47, 433
List the prime factors of 445349.
17, 23, 67
What are the prime factors of 123992?
2, 11, 1409
List the prime factors of 2150075.
5, 17, 5059
What are the prime factors of 103792?
2, 13, 499
What are the prime factors of 296161?
73, 4057
List the prime factors of 335882.
2, 19, 8839
What are the prime factors of 299276?
2, 23, 3253
What are the prime factors of 1756077?
3, 43, 13613
List the prime factors of 7634008.
2, 83, 11497
List the prime factors of 296009.
7, 863
What are the prime factors of 147608?
2, 18451
What are the prime factors of 2417272?
2, 11, 13, 2113
What are the prime factors of 308101?
308101
List the prime factors of 4228207.
41, 281, 367
What are the prime factors of 4451613?
3, 73, 20327
List the prime factors of 363929.
23, 15823
List the prime factors of 9322.
2, 59, 79
List the prime factors of 388623.
3, 281, 461
What are the prime factors of 454409?
454409
List the prime factors of 532758.
2, 3, 88793
What are the prime factors of 17648?
2, 1103
What are the prime factors of 1022288?
2, 181, 353
List the prime factors of 11324214.
2, 3, 11, 57193
List the prime factors of 140208.
2, 3, 23, 127
What are the prime factors of 155481?
3, 51827
What are the prime factors of 337365?
3, 5, 7, 17
What are the prime factors of 9017073?
3, 13, 77069
List the prime factors of 1220490.
2, 3, 5, 71, 191
What are the prime factors of 12492665?
5, 79, 31627
What are the prime factors of 1002276?
2, 3, 11, 2531
What are the prime factors of 661389?
3, 113, 1951
What are the prime factors of 45448?
2, 13, 19, 23
What are the prime factors of 72485?
5, 7, 19, 109
What are the prime factors of 619569?
3, 7649
What are the prime factors of 1372489?
101, 107, 127
List t